c) = 35*c + 650. Let r be z(-43). Let j = q - r. Is j a prime number?
False
Let z be (-1106)/10 - 4/10. Let l(b) = 2*b**3 - 16*b**2 + 24*b - 106. Let q be l(9). Let g = q + z. Is g a composite number?
True
Let t be (3 - (-2)/4)*(-16)/(-14). Suppose -t*n - 18577 - 7629 = -2*q, 3*q + n = 39274. Is q composite?
False
Let h(a) = -a**3 + 5*a**2 - a + 5. Let y be h(5). Suppose y = -44*i + 38*i + 26286. Is i prime?
False
Let j(t) = 915*t**2 - 2. Let c be (12/(-48)*4)/(1 - 0). Is j(c) prime?
False
Suppose -2 = -3*q + 10. Suppose 0*a - 16 = -q*a. Suppose 2*i + 3*f = 1351, a*f + 1386 = i + i. Is i composite?
False
Let w(x) = -4773*x**3 - x**2 - 4*x - 2. Let l be w(-1). Let h = -3297 + l. Is h a prime number?
False
Let f(w) = -2*w**3 - 26*w**2 - 43*w + 23. Let g be f(-21). Suppose -15968 = -4*q + 2*s - 5*s, g = 2*q + s. Is q composite?
False
Let r(m) = 113*m + 73*m + 286*m - 19. Let v be r(5). Suppose v = 5*q + 2*x, -5*q - x + 1446 = -897. Is q a prime number?
False
Let r(z) = -530*z + 47. Is r(-6) a prime number?
False
Suppose 3*s - 66*s + 15073569 = 0. Is s a prime number?
True
Let t be 276 - (2 - 4) - 3/(-3). Suppose 707 = i + 5*f, -414 = -i + 2*f + t. Is i composite?
True
Let t be 78/(-4)*14936/6. Let b = 2953 - t. Is b/35 + 4/(-14) - 0 prime?
True
Let w be (-4)/(-14) + (-24)/(-14). Suppose 31*l - 73*l - 2016 = 0. Is (4884/l)/(w/(-16)*2) composite?
True
Suppose 2*i + 24 = 52. Suppose 130765 = -9*k + i*k. Is k a composite number?
False
Suppose -4*y = -6*g + 5*g - 6867, -y = -2*g - 1715. Suppose -2*q + y + 1881 = 0. Is q a prime number?
False
Let o(w) = w - 28. Let l be o(19). Let d be l/(-3)*(-7679)/(-21). Suppose -969 = -2*a - r, -d + 3507 = 5*a + 5*r. Is a a composite number?
False
Let t = 74692 - 32813. Is t a prime number?
True
Let x(t) = 46273*t**2 - 11*t - 25. Is x(-2) a composite number?
False
Let u(b) = 40*b**2 - 2*b + 104. Let i be u(16). Suppose 6783 = 13*l - i. Is l a composite number?
True
Let s = -343938 + 977299. Is s prime?
False
Let o = -757 - -8106. Is o a composite number?
False
Suppose -162*i + 315501 = -159*i. Is i composite?
False
Suppose -3*b + 102 = 48. Suppose 2*k + b = 4*w - 0*k, k + 19 = 4*w. Suppose -2746 = -3*r - w*a, 4*r - 3*a = 4621 - 1008. Is r prime?
True
Let c be -23 - -21 - (-112)/2. Is 64674/c*(1 - -2) a composite number?
False
Suppose 92*z + 22*z = -50*z + 144306388. Is z composite?
False
Let i(l) = 4*l - 18. Let h be i(6). Let z(f) be the third derivative of f**6/60 + f**5/10 + 13*f**4/24 - 7*f**3/6 + 3*f**2. Is z(h) composite?
False
Let r = -155 + 159. Suppose -5*s - 11374 = -o, -r*o - 2*s + 22221 = -23253. Is o a prime number?
True
Let z(b) = 4*b**2 + 35*b - 5. Let h be z(17). Let i = 3723 - h. Is i prime?
False
Suppose 4*n = 5*r - 30183, -2*n + 2*r - 15090 = -2*r. Let q = 15748 + n. Is q a prime number?
False
Suppose 2*r - 2*g = 238004, g + 238001 = -r + 3*r. Is r a composite number?
True
Suppose 0 = 16*h - 19*h + 30. Suppose -t = t - h. Suppose -a + 0*u + 4313 = u, -3*a + 12939 = -t*u. Is a a composite number?
True
Suppose 4*p + 278803 = 5*d, 3*d + 4*p = 1740 + 165561. Is d a composite number?
False
Is (-15 + 4342)*-6*4/(-12) a composite number?
True
Let g(x) = 149*x - 160. Let k be g(42). Let s = k - 1983. Is s prime?
False
Let h(j) = 1034*j**2 - 5*j + 6. Let r be h(2). Suppose r = o + q, -2*o + 8249 = -0*o - q. Is o composite?
False
Suppose -3 = 7*a - 24. Suppose -a*v + 522 = 3*u - 0*u, 3*u = 5*v - 902. Is v a composite number?
True
Suppose c = -9*x + 1623, -1623 = -c + x - 2*x. Is c composite?
True
Let m = 233 + -163. Suppose -25 = -5*z, -3*z + z = -3*x - m. Let s = 29 - x. Is s prime?
False
Suppose -m = -5*t - 21949, m - 21925 = -0*t - t. Is m a composite number?
False
Suppose -32*g = g + 11*g - 9535196. Is g composite?
True
Suppose -4*a = -3*l - 31, 3*a - 3*l - 2*l - 37 = 0. Let w be (-4*1/(-3))/(a/6). Is (-1 - -2)/(w/2518) a prime number?
True
Let v = 73 - 66. Suppose 4*l - 16 = q, 2*l + 4*q - v*q + 2 = 0. Suppose 2*a = r - 157, -l*r - a - a + 797 = 0. Is r a prime number?
False
Let l(j) = -10*j - 7. Let a be l(-5). Suppose 0 = 3*z + 4*c - a, -21 = z - 2*z + 2*c. Suppose z*y - 814 = 15*y. Is y composite?
True
Is 7814920/32 - (1/(-10))/(86/645) a prime number?
True
Suppose -37*l + 39*l + 375868 = 4*g, 0 = 3*g - 2*l - 281901. Is g prime?
True
Suppose -37*p = -32*p - 5*x - 394885, 5*x = -5*p + 394885. Is p prime?
True
Suppose 3*y + 11*y - 81718 = 0. Let k = -2290 + y. Is k composite?
False
Suppose -8 = 11*v - 74. Suppose -v*s + 826149 = 45*s. Is s a prime number?
False
Suppose 758887 = -10*x + 1960377. Is x composite?
True
Suppose -200712 - 330099 = -3*j + 4*s, 0 = 3*j + 3*s - 530811. Is j a composite number?
True
Suppose 0*b - 4*b = 4*q - 684, -820 = -5*q + 2*b. Suppose j + 4*x + q = 3*j, 0 = x + 2. Suppose 2*f = 1027 + j. Is f prime?
False
Let d = 64 + -44. Suppose -32*m + 33*m - 4 = 0. Suppose m*f + d = 0, 3*f = 4*a - 7*a + 528. Is a a composite number?
False
Suppose -4*x + 188*m - 191*m + 126136 = 0, 2*x + 2*m = 63070. Is x a prime number?
True
Let g(y) = -1250*y - 2711. Is g(-44) a prime number?
True
Suppose -r = -1536 - 1927. Suppose -4*v - 3*s = -r, 0 = -0*v + v + 5*s - 870. Is v a composite number?
True
Let p be (2/6)/(4/36). Suppose 3757 = -0*i + i. Suppose i = 3*x + 4*b, -3*x + 0*b + 3762 = p*b. Is x a prime number?
True
Let q(w) = -11*w**2 + 23*w - 1. Let t(i) = i**3 - i**2 + 2. Let s(m) = q(m) + t(m). Is s(16) composite?
True
Let f = -1435 + 3156. Is f composite?
False
Let x = 1441 + -1018. Let f = -108 - x. Let b = -308 - f. Is b a composite number?
False
Let r(q) = -527*q**3 + q**2 + 3*q + 9. Let v = -634 + 632. Is r(v) prime?
False
Let s = 27527 - 11947. Suppose 1135 + s = q. Is q a prime number?
False
Suppose 0 = 477*h + 24586791 - 146901342 - 11206812. Is h a composite number?
False
Let u(k) = -89*k - 53. Let n(v) = -5*v + 4. Suppose -4*y = 2*z - 10, 6*y = 3*y - 4*z. Let g be n(y). Is u(g) a composite number?
True
Suppose -4*o = 5*i - 184811, 72*i - 92386 = -2*o + 76*i. Is o prime?
True
Let i(a) = 0*a + 2*a + 19*a**2 + 34 - 47. Let h = 35 - 31. Is i(h) prime?
False
Let w(k) = -k + 3. Let l be w(0). Suppose l*b = b + 68. Suppose b*o + 1304 = 38*o. Is o prime?
False
Suppose -22*p + 6574376 + 12026690 = 0. Is p a prime number?
False
Suppose -15*x + 3*d - 631119 = -18*x, -10*d = -x + 210439. Is x prime?
False
Is 21986*((-1210)/(-20))/11 composite?
True
Let r(m) = -1 + 3 + m + 30 + 26 - 3 + 3*m**2. Is r(-18) a prime number?
True
Let q(b) = -5982*b**3 - 5*b**2 - 3*b + 1. Suppose 28*n - 18*n + 10 = 0. Is q(n) a composite number?
False
Is ((-10249647)/305)/(15/(-25)) a composite number?
False
Suppose 919 = -11*d + 34590. Let r = -2174 + d. Is r a composite number?
False
Suppose -3*x = -4*p + 6*p - 2, -p = 2*x - 3. Suppose -w - 3*b - 4 = 1, -2*w = -x*b - 20. Suppose w*r - r = 879. Is r prime?
True
Suppose 0 = w + 9 + 36. Suppose 0 = 3*r - 15, -13*r + 255 = 5*o - 12*r. Let p = o - w. Is p composite?
True
Let m = 233 + -221. Suppose 11*d + 1621 = m*d. Is d composite?
False
Let u be ((-23)/(1380/(-211905)))/((-1)/(-24)). Suppose 5*g - 66127 = 2*b, -4*g - 5*b - 31834 = -u. Is g prime?
False
Suppose -c - 3*s + 29582 = 0, 4*c - 118248 = 36*s - 32*s. Is c a prime number?
True
Let b be -2435*-3*4/20. Suppose m = 2*a + b, 3*m - a - 4392 = -4*a. Suppose -m = -3*z + p, -3*p = 3*z - 5*z + 980. Is z composite?
False
Let m(p) = 2*p**3 - 154*p**2 + 7*p + 293. Is m(80) a composite number?
True
Is ((-670806)/21 + -5)/(2/(-14)) a prime number?
True
Suppose 18*w = 54*w - 78408. Let l = 3737 - w. Is l composite?
False
Suppose -387*n = -393*n + 72. Is (0 + 1)/(n - (-16942)/(-1412)) composite?
True
Let k(h) = -h**2 + 13*h - 16. Let n be k(12). Let v be n*1/14 + (-19609)/(-7). Suppose 1913 = 2*f - v. Is f a composite number?
False
Let d(j) = 4*j**2 + 3*j - 3. Let r be d(3). Suppose 60 = -6*w + r. Is (-4)/w*8163/12 a composite number?
False
Let u = 37 - 34. Suppose 6107 = u*n - 1042. Is n a prime number?
True
Let j(w) = 359*w**3 + 2*w**2 - 2*w + 1. Suppose -8 = k - 5*k. Let z be j(k). Suppose -2*o = -2*d - o + z, -d + 1435 = -4*o. Is d prime?
True
Let o = 36538 - -51075. Is o composite?
False
Let x(d) = 22*d + 4. Let r be x(-6). Let w = -1744 + 1530. Let j = r - w. Is j a composite number?
True
Is 216/24 + 25382/1 a pr